e remainder when x is divided by 35?
12
Let w = -178 + 58. Let z = 48 + -34. What is the remainder when 0*(-2)/4 - w/5 is divided by z?
10
Suppose 31 = -6*w - 5. Let m be (-9)/w*(-624)/(-18). Suppose -m = -7*r + 5*r. Calculate the remainder when 75 is divided by r.
23
Let h(l) = l**3 + 30*l**2 + 43*l + 572. What is the remainder when h(-29) is divided by 13?
10
Let j(i) = i + 5. Let n be j(-6). Let a be ((-8)/(-6))/(n/(-3)). Suppose -a*d + 248 - 32 = 0. What is the remainder when d is divided by 14?
12
Suppose 11 = -3*l + 2. What is the remainder when (-65 - 12/l)/(-1) is divided by 31?
30
Suppose -3*o = 3*g - 3156 - 0, -4*g + 3156 = 3*o. Calculate the remainder when o is divided by 33.
29
What is the remainder when -87*((-5)/5)/(-4 - 25/(-5)) is divided by 24 - ((2 - -1) + -1)?
21
Suppose 18 = -3*a + 4*a. Suppose 0*x - 3*x = -a. Suppose -g - x = -s + 2, -5*s - 3*g = -80. Calculate the remainder when s is divided by 4.
1
Let b = -41 - -154. What is the remainder when b is divided by 13?
9
Let m(z) = -6 + z + 20 + 3*z + 3*z. Let d be m(6). What is the remainder when 47 is divided by 14/d - (-47)/4?
11
Suppose 7*i + 9*i - 4784 = 0. Calculate the remainder when i is divided by 5.
4
Let j(h) = 32*h + 376. Calculate the remainder when 31 is divided by j(-11).
7
Calculate the remainder when 221 is divided by 2956/40 - (-4)/40.
73
Suppose -7 = -5*u + 13. Let o(n) = -n + 10. Let d be o(5). Let k(a) = -a**2 + 10*a - 17. Calculate the remainder when k(d) is divided by u.
0
Suppose 3*x - h - 46 = 0, 4*x + 3 - 75 = -4*h. Suppose n - x = -3*n. Calculate the remainder when n is divided by -1 - (-3)/4 - (-9)/4.
0
Suppose -11*w - 19*w + 2880 = 0. What is the remainder when w is divided by 47?
2
Suppose 6*s + 46 = 10. Let m = 14 - s. Calculate the remainder when 37 is divided by m.
17
Calculate the remainder when (-223)/((-7)/2*1/7) is divided by 28.
26
Let a be (-1)/(-1*(-3)/(-1455)). Suppose -5*h + a = -0*h. What is the remainder when h is divided by 33?
31
Let c = 1719 - 1693. What is the remainder when 174 is divided by c?
18
Let o = 1488 + -1457. Calculate the remainder when 36 is divided by o.
5
Let r = 230 - 139. Let d = r + -56. Calculate the remainder when 137 is divided by d.
32
Calculate the remainder when (-1)/(-4) - (1143/(-36) + -4) is divided by 19.
17
Suppose 2*w = 6*w - 60. Let g be (-4)/18*(2 - 11). Suppose o - 15 = g*d, -w = -3*o + o - d. What is the remainder when 35 is divided by o?
8
Let d be (7 + -2)/(2 - 1). Suppose 2*z - 13 = d*l, -3*z - 6*l + 2*l = -31. Calculate the remainder when 44 is divided by z.
8
Suppose n - 52 = -2*r - r, 5*n + 101 = 4*r. Let t = 61 - r. Calculate the remainder when t is divided by 15.
12
Let c be (9/(-4))/(9/(-60)). Suppose p - 5*p = -u, 3*p = c. Let t(i) = -2*i**3 - 7*i**2 - i - 1. Calculate the remainder when t(-5) is divided by u.
19
Suppose -3*w + 3069 = n, -1832 = -3*w + n + 1231. Calculate the remainder when w is divided by 33.
32
Let l be 33*1/5 + 9/(-15). Suppose 2*i + l*i = 488. Calculate the remainder when i is divided by 21.
19
Suppose -z - 4 = -5*z. Let r = z + 5. What is the remainder when 188/(r + -4) - -4 is divided by 25?
23
Suppose 2*c = 6 + 14. Let f be (-6)/(-4) - (540/(-8))/9. Suppose 3*u = l + 7, 2*l + f = 5*u - 1. Calculate the remainder when c is divided by u.
2
Let q be 4*(-1 - -2) - 7. Let c(x) = 2*x**2 + 5*x + 7. What is the remainder when 14 is divided by c(q)?
4
Suppose 204 = 5*p - 2*t, 4*p + 108 = 5*t + 261. Calculate the remainder when 128 is divided by p.
2
Suppose 0 = -6*n - 28 + 28. Let g = -12 + 15. Suppose -g*q + 33 + 18 = n. Calculate the remainder when 33 is divided by q.
16
Suppose -260 = 3*c - 7*c. Suppose 8*n - c = 3*n. Suppose 2*l - 1 = -3*i - 2, 0 = 2*l + 4*i + 6. What is the remainder when n is divided by l?
6
Suppose i + f + 293 = 6*i, -3*i - 3*f = -165. Calculate the remainder when i is divided by 15.
13
What is the remainder when 642 is divided by (-2397)/(-612) + (-2)/(-24)?
2
Let r(k) = k**2 + 47*k + 60. Calculate the remainder when r(-51) is divided by 93.
78
Suppose -4*z = 2*m + 68, -22 = 5*m + 3*z + 120. Let t = m + 45. What is the remainder when t is divided by 11?
8
Let i = -338 + 415. What is the remainder when i is divided by 20?
17
Suppose -3*d = 12*p - 17*p - 113, -5*p = 2*d - 117. What is the remainder when 156 is divided by d?
18
Suppose 8*t - 10*t = 0. What is the remainder when 31 is divided by (12 - -1) + 4 - t?
14
Suppose -3*t - f + 349 = -1625, 0 = -5*f. What is the remainder when t is divided by 6?
4
Let n = 463 + -180. What is the remainder when n is divided by 26?
23
Suppose -3*u = y - 32, 8*u = y + 13*u - 26. Calculate the remainder when 145 is divided by y.
22
Suppose 3*d + 21 = 18. Let l(o) = -4*o + 0*o**2 + 5*o + 40*o**2. What is the remainder when l(d) is divided by 14?
11
Calculate the remainder when (-22)/(63/84 + (-50)/56) is divided by 12.
10
Let l = -56 - -76. Suppose 5*a - 4*s - 36 = 0, -5*a + 2*a + 4*s = -l. Calculate the remainder when a is divided by 5.
3
Suppose 5*m - 195 = -2*u + 957, -692 = -3*m - u. What is the remainder when m is divided by 78?
76
Suppose -2*q + v = -v - 8, 4*v = 5*q - 19. Let z(x) = 2*x**3 - 3*x**2 - x + 3. What is the remainder when 80 is divided by z(q)?
26
Let u = -1913 + 2398. Calculate the remainder when u is divided by 10.
5
Let k be ((-34)/(-6) + -4)*3. Suppose -5*s = -k*g - 2*s + 372, -g = -4*s - 88. Let b = -49 + g. Calculate the remainder when b is divided by 13.
10
Let m(b) be the second derivative of b**5/20 + b**4/3 + 2*b**3/3 + b**2 - 3*b. What is the remainder when 8 is divided by m(-2)?
0
Let i(y) = y - 8. Let p(r) be the third derivative of r**4/12 + 4*r**3/3 - r**2. What is the remainder when p(4) is divided by i(18)?
6
Let x = 1045 + -407. Calculate the remainder when x is divided by 40.
38
Suppose 17 = 2*z - 47. Calculate the remainder when 60 is divided by z.
28
Suppose 0 = 3*k - 2*n - 3*n - 175, -3*k = -4*n - 173. What is the remainder when k is divided by 14?
13
Let j be (-5)/(-25) - (-19)/5. Let q(i) = -i**3 + 5*i**2 - 2*i + 4. Suppose 0*l = -l + 45. What is the remainder when l is divided by q(j)?
9
What is the remainder when (-3436)/(-28) - 6/(-21) is divided by ((-1)/(-4) + (-303)/12)*-1?
23
What is the remainder when ((-215)/5)/((-39)/6 - -6) is divided by 32?
22
Suppose -12*x + 11*x - 2*m + 66 = 0, 0 = 3*x + 4*m - 206. What is the remainder when x is divided by 17?
6
Suppose 5*t + 473 = -17. Calculate the remainder when 188 is divided by t/6*-3 + -1.
44
Suppose 61*u + 50 = 56*u. Calculate the remainder when (48/u)/((-4)/20) is divided by 13.
11
Let k(f) = 41*f**2 + 6*f + 8. Calculate the remainder when k(2) is divided by 55.
19
Suppose -27*m = -1399 - 1193. What is the remainder when 479 is divided by m?
95
Let l be (7/14)/(1/6). Suppose 0*h = 3*b - 2*h - 35, 0 = -b + 5*h + l. Suppose b = j - 7. Calculate the remainder when j is divided by 11.
9
Suppose 0 = 2*n + 3*z + 4 + 3, 5*z + 45 = 5*n. Suppose n*c - 31 = 45. Calculate the remainder when 70 is divided by c.
13
Suppose 610 = 2*f - 2*v, -2*v = -5*v. Suppose 4*y = -y + f. Calculate the remainder when y is divided by 21.
19
Let s = 3 - -5. Suppose -5*f = -5*t - 130, 0 = -0*t + 2*t + f + 55. Let j = t + 49. What is the remainder when j is divided by s?
6
Let p = -78 + 51. What is the remainder when 14 is divided by (-188)/(-36) + 6/p?
4
Let p = -80 + 85. What is the remainder when 18 is divided by p?
3
Let v(d) = -d**2 - 23*d + 4. Calculate the remainder when v(-15) is divided by 39.
7
Suppose -17*w + 18*w + 3 = 0. Calculate the remainder when w/15 + 3648/40 is divided by 46.
45
Let u be (-28)/(-5) - 16/(-40). Suppose 0 = u*p - 5*p - 34. Calculate the remainder when p is divided by 18.
16
Let c(v) = 49*v + 30. Calculate the remainder when c(3) is divided by 51.
24
Let n be ((-4)/8*0)/2. Let d = 0 + n. Suppose d = -5*j + 2*j + 339. Calculate the remainder when j is divided by 23.
21
Let y(x) = -6*x + 31. What is the remainder when 63 is divided by y(1)?
13
Let n = -87 + 136. Let x(d) = -2*d**3 - 2*d**2 - 3*d - 1. Let l = 2 - 4. What is the remainder when n is divided by x(l)?
10
Suppose 1008 = -2*c + 10*c. Suppose -c + 1 = -5*b. Let m(v) = v**2 + 2*v + 6. Calculate the remainder when b is divided by m(-4).
11
Let b = 7 + -2.